he units digit of (q/6)/(4/(-24))?
2
What is the units digit of 18/(-15)*(-60)/4?
8
Let m = -11 + 7. Let t be (-7*1)/(4/m). Let f = t - 2. What is the units digit of f?
5
Let l(c) = -c - 2. Let r be l(5). Let k(m) = m**2 + 7*m + 8. What is the units digit of k(r)?
8
Let i = -2 + 7. Suppose i*x - 33 = -j, 2*j - j - 9 = -x. What is the units digit of 21/x*(-2 + 4)?
7
Let b = -7 + 7. Suppose d - 5*f - 15 = b, -4*f - 2 - 1 = d. What is the units digit of d?
5
Suppose -k + 3*k - 5*l = 37, 4*l = 3*k - 66. What is the units digit of k?
6
What is the tens digit of (112/(-6))/((42/(-36))/7)?
1
Suppose -8 + 53 = -5*a. Let u be (-6)/(-8) + a/12. Let y(m) = -m + 1. What is the units digit of y(u)?
1
Suppose 3*p = 2*u + u + 9, -4*p - 5*u = -3. Suppose -p*x - 4*k = -24, -x - k = -2*k - 3. What is the units digit of x?
6
Let j(n) = n**2 + n - 2. Let w be j(-3). Suppose -36 + 12 = -4*k - w*c, 0 = -5*k + 2*c + 44. What is the units digit of k?
8
Let l(p) be the second derivative of p**4/6 + p**3/2 + 5*p**2/2 + p. Let t be l(-4). Suppose 4*n + 1 = t. What is the units digit of n?
6
Let i = -8 - -5. Let g = i + -17. Let k = 39 + g. What is the tens digit of k?
1
Suppose 5 + 15 = 4*d. Suppose -d*c = -9 - 1. What is the units digit of c?
2
Suppose 3*t = -5*l + 300, 2*l + 0*l + 2*t = 124. What is the units digit of l?
7
Let w(i) = 4*i + 28. What is the units digit of w(0)?
8
Suppose -2 = -4*s + 10. Suppose -3*x - s = w + 4, 2*x - 2 = -2*w. Let a(z) = z**2 - 5*z + 5. What is the units digit of a(w)?
5
Let l = 45 - 21. Suppose -4*r = -7*r - l. Let p = 0 - r. What is the units digit of p?
8
Let y = 0 + 8. What is the units digit of 2 + 4/y*6?
5
Suppose -2*x + 69 = p - 4*x, -p - 2*x = -49. Suppose 3 = -4*y + p. What is the units digit of y?
4
Suppose 5*g + 5*h = -50, -5*h - 30 = 3*g - 0*h. Suppose -2*n + 15 = -29. Let k = n + g. What is the tens digit of k?
1
Let q(t) = -6*t + 4. What is the units digit of q(-5)?
4
What is the units digit of 68 - ((5 - 4) + 2)?
5
Suppose 0 = x - 0 + 4, 160 = 2*q + 4*x. Suppose 0 = p - 2*u - 59, -2*u = p + p - q. What is the tens digit of p?
4
Let b(g) be the second derivative of g**4/3 - g**3/2 + g**2 - 8*g. What is the units digit of b(1)?
3
Let o(s) = -14 - 14*s**3 + 12 - 3*s + 0*s. What is the units digit of o(-1)?
5
Suppose -7*v + 327 - 5 = 0. What is the units digit of v?
6
Suppose -2*x = -15 + 1. Let t = x - 5. What is the units digit of t?
2
Let r(g) = -g**2 + 15*g - 2. What is the tens digit of r(12)?
3
Suppose b - 25 = -5*y + 3*y, -4*y + 5*b + 85 = 0. Suppose k = o, -4*k = 4*o - y - 1. Suppose -k*a + 3*s = -a + 6, -s - 20 = -4*a. What is the units digit of a?
6
Let l(u) = -u**2. Let p(g) = g**2 - g. Let i be p(1). Let r be l(i). Suppose 0 = -5*b - r*b + 15. What is the units digit of b?
3
Suppose -x + 6*x - 5 = 0. Suppose -11 - x = -q. What is the units digit of 1*(q + 2)/2?
7
Let j = -17 - -17. Suppose -w + j*w = -16. What is the tens digit of w?
1
Suppose 3 = 5*x - 2. Let v be 0 + (5 - -2)/x. Let h(d) = d**3 - 8*d**2 + 10*d - 7. What is the units digit of h(v)?
4
Let n(q) = -4*q. Let m be n(-4). Let x = m + -26. Let a = 2 - x. What is the units digit of a?
2
Suppose -14*a + 1582 = -7*a. What is the tens digit of a?
2
Let z be (-2 + (-33)/9)*3. Let w = -8 - z. What is the units digit of w?
9
Let r = 7 - 14. Let q(m) = m + 10. Let j be q(r). Suppose 2*s + 3*w - 8 = w, 5*s = j*w + 4. What is the units digit of s?
2
Let b(o) = -9*o + 28. Let c(u) = -22*u + 70. Let d(t) = -12*b(t) + 5*c(t). What is the units digit of d(-11)?
6
Let p = -2 + 2. Suppose b + 2 = 2*b. Suppose -b*g + 4*n = p, -n - 12 = -g - 2*n. What is the units digit of g?
8
Let g(f) be the first derivative of -f**3/3 - 3*f**2 - 2*f + 7. Let m = 3 - 7. What is the units digit of g(m)?
6
Suppose 0 = -3*d - 17 + 101. What is the tens digit of d?
2
Suppose 5*b = -3*b + 24. What is the units digit of b?
3
Suppose -4*k + 5*t = -32, -3*k + 3*t + 2*t = -29. Suppose -3*j - 51 = -a, k*a - 93 = a - 3*j. What is the tens digit of a?
4
Let r = 72 - -178. What is the hundreds digit of r?
2
Let n = 15 - 12. Suppose -2*t - 1 = n*j, -t + j + 2 = -0. What is the units digit of t?
1
Let g = 57 - 35. What is the tens digit of g?
2
Suppose l - 29 = 2. What is the units digit of l?
1
Let d = -16 + 18. Suppose -5*p = -20, s + d*s - 5*p - 118 = 0. What is the units digit of s?
6
Suppose -u - 4*z - 388 = -2*u, 5*z = 5*u - 1970. What is the hundreds digit of u?
3
Suppose -3*f - 2*f + 10 = 0. What is the units digit of f?
2
Suppose -2*u = h - 10, -h + 22 = 2*u + 2*u. Let z(b) = b + 1 - b**3 + 7*b + u*b**2 + b**2. What is the units digit of z(8)?
1
Let y(l) = -l**2 + 7*l - 5. Let t = -15 + 21. What is the units digit of y(t)?
1
Suppose -22 + 66 = 2*t. What is the tens digit of t?
2
Suppose -2 + 27 = -5*w. Let z = w + 10. What is the units digit of z?
5
Suppose 2*s = -2*f + 8, 9 = s + f + f. What is the units digit of 20 + (-3 - s) + 4?
2
Let b(i) = i + 8. Let r be b(-4). Let h be 2 + -1 + -1 - -2. Let p = r - h. What is the units digit of p?
2
Suppose -2*g + 1 = -7. Suppose 0 = -v + g*v + 60. What is the tens digit of ((-1)/2)/(1/v)?
1
Let m(u) = u**2 + 9*u + 5. Suppose 0 = x - 6*x - 45. Let q be m(x). Suppose -1 + q = 2*a. What is the units digit of a?
2
Suppose y + 4*r + 13 = 0, 4*r + r = -2*y - 14. Suppose s + y*s - 20 = 0. What is the units digit of s?
5
Suppose c + 3*s = 3*c - 2, 4*c + 16 = -4*s. What is the units digit of 8/3 - c/6?
3
Let j(z) = z + 2. Let o be j(-1). Let l = o + 1. Suppose -l*q = 2*h, 3*q = 2*q - 2*h - 5. What is the units digit of q?
5
Let o(q) = -6*q + q - q**2 + 2*q**2 + 10. What is the tens digit of o(7)?
2
Suppose -2*k = 4*d - 280, 3*k - 292 - 106 = 5*d. What is the tens digit of k?
3
Let r(a) = a**3 - 5*a**2 - 7*a + 9. Let y be 6/((-3)/3)*-1. Let f be r(y). Suppose c = f*c - 16. What is the units digit of c?
8
Let s be (2/4)/((-1)/(-2)). Let d = s - -10. What is the tens digit of d?
1
Let k = 17 - 5. Suppose -f = -4*f + k. What is the units digit of f?
4
Suppose -o - h + 122 = 0, -120 = -o + 3*h - 6*h. What is the units digit of o?
3
Suppose -3*n - 2*n - 15 = z, -3*z - 5 = 5*n. Suppose -5*g - 4*r + 165 = 0, z*r + 76 = 3*g - 23. What is the tens digit of g?
3
Let k = -4 - -6. Suppose r - k*r = -2. What is the units digit of r?
2
Let w be ((-7)/7)/(1/(-12)). Suppose 5*g = -i + 21, 2*g = -4*i - 0*g + w. What is the units digit of i?
1
Let w(n) = n**3 + 7*n**2 - n + 3. What is the units digit of w(-5)?
8
Suppose -3*n = -4*n + 56. Suppose h - n = -3*h. What is the units digit of h?
4
Let y(p) = -p**3 + 4*p**2 + 2*p + 5. What is the units digit of y(4)?
3
Suppose -2*q = q. Let u = q + 2. Suppose -u*d - d = -9. What is the units digit of d?
3
Let x = -198 - -334. What is the hundreds digit of x?
1
Let u = 40 - 3. What is the units digit of u?
7
Let f(z) = 3*z - 6 + 0*z - z. Let q be f(4). Suppose 4*g = -q*n, g - 3 = -0*n - 2*n. What is the units digit of n?
2
Suppose 3*j + 2*c = 308, -5*j + 3*c - 100 + 588 = 0. What is the hundreds digit of j?
1
What is the tens digit of (4/(-3))/(7/(-168))?
3
Suppose p + b = 61, -3*p - 5*b + 53 = -2*p. Suppose -4*s = 12, 3*v - 6*v + 5*s = -p. What is the tens digit of v?
1
What is the units digit of 9/(135/(-12))*-30?
4
Suppose 2*d - 156 + 14 = 0. What is the units digit of d?
1
Let c = -12 + 18. What is the units digit of (0 - 2)/(c/(-3))?
1
Suppose 3*c + 6 = c. What is the units digit of c/(-6) - (-33)/6?
6
Let b = 227 - 74. What is the units digit of b?
3
Let v = -15 - -7. Suppose 0 = -w + j - 14, -4*j - j = 5. Let u = v - w. What is the units digit of u?
7
Let i(g) = -9*g - g + 6*g**2 + 9 - 2*g**2 - 3*g**2. Let w be i(9). Suppose w = 2*l + 2, x + 3*x + 5*l - 15 = 0. What is the units digit of x?
5
Let x(z) = 5*z**2 + 2*z. What is the tens digit of x(2)?
2
Let j(a) = 18*a**2 - 2*a - 8. What is the units digit of j(4)?
2
Suppose -4*p = -8*p - 4*g - 52, p + 2*g = -15. Let x = -5 - p. Let v = x + -5. What is the units digit of v?
1
Suppose -3*u + 2*u - 1566 = 0. What is the tens digit of u/(-42) - 2/7?
3
Suppose -3*r + 34 = -r + p, 0 = -2*r - 2*p + 32. What is the tens digit of r?
1
Let u = 72 - 43. What is the units digit of u?
9
Let x(n) = 38*n + 10. What is the units digit of x(2)?
6
Suppose -15 = -i - 4*z, 0*i + i = -5*z + 18. 